 of q(r). Give f(-1).
11
Let q = 156 + -157. Let x(j) = 6*j**3 - j**2. Determine x(q).
-7
Let c(u) = 429 + 430 - 891 - u - u**2. Calculate c(0).
-32
Let s = -10 + 16. Suppose -3*f + 0 = -s. Let w(j) = j - j**2 + f + 3*j - 1 - j. What is w(3)?
1
Let z(d) = -3 - d + 7*d + 4. Suppose 6*j = 2*j. Suppose 0 = -l, -4*k = 5*l - j*l - 4. Determine z(k).
7
Let x(t) = -t**3 - t + 1. Let g(q) = 7*q**3 + q**2 + 6*q - 4. Let b(p) = g(p) + 6*x(p). Let u = 7 + -9. Give b(u).
-2
Let v(f) = 2 + 6*f - 5*f - 6. Let d be ((-5)/(-15))/((-2)/(-6)). Let o be (-6)/(-2 + 0)*d. Calculate v(o).
-1
Let m = 30 + -27. Let r(v) = 4*v - m*v + 7 - 1. Calculate r(-7).
-1
Let a(f) = f**3 + f**2 - f + 2. Suppose -2*h + 14 = -0. Suppose -2*s = -h*s. Suppose 0 = -s*r + 5*r. Calculate a(r).
2
Let h(s) = s**2 + 7*s + 10. Let y = -1861 - -1855. Calculate h(y).
4
Let h(y) be the first derivative of -3*y**2/2 - 1. Let z = 68 + -70. Let n be (3 + 0)/(3*(-1)/z). What is h(n)?
-6
Suppose -5*n + 5 = 0, 2*a - 15 = n + 2. Let x(q) = 3*q**2 - 8*q + 3*q**2 - 5*q**2 + 8. What is x(a)?
17
Let j(p) be the first derivative of -p**3/6 + 3*p**2/2 + 10*p + 6. Let g(u) be the first derivative of j(u). Give g(3).
0
Suppose 0 = 2*d + 2*u + 176, -5*d = -d + 2*u + 360. Let c = -84 - d. Let b(x) be the first derivative of -x**3/3 + 4*x**2 - 2*x + 1. Give b(c).
-2
Let f(i) = 11*i + 10. Let k(c) = -3*c - 24. Let a be k(-6). Give f(a).
-56
Let s(d) = d**3 + 2*d**2 - d + 1. Let m be 68/17*10/(-8). Let t(h) = -17*h**3 - 12*h**2 + 4*h - 5. Let v(y) = m*s(y) - t(y). Let z = 0 - 1. Determine v(z).
-11
Let a = -17416 - -17421. Let z(p) = 9*p - 1. Let m(v) = 5*v - 1. Let c(j) = 5*m(j) - 3*z(j). Give c(a).
-12
Let i(x) be the second derivative of x**3/3 + x**2 - 9*x. Let w = -8 + 2. Determine i(w).
-10
Let s(r) be the third derivative of r**5/60 - 7*r**4/12 + 8*r**3/3 - 38*r**2. Determine s(12).
-8
Let f(g) be the first derivative of -2*g**3/3 - 2*g**2 + 4*g + 86. Determine f(1).
-2
Let j(a) be the second derivative of -a**3/2 + a**2 + 12*a. Let i(s) = -s + 20. Let d be i(23). What is j(d)?
11
Suppose g = 2*q - 11, 26 = -4*g - 5*q + 4*q. Let p(d) = -4*d + d**3 - d + 6*d**2 - d + 1. Let x be p(g). Let y(t) = -t**2 - 6*t + 6. Determine y(x).
6
Let u(i) = 16*i - 2. Let c(a) = 7*a - 1. Let q(r) = -7*c(r) + 3*u(r). Suppose 0 = -0*v - 3*v. Calculate q(v).
1
Let t(x) = x**3 - x**2 + 2*x - 7. Let y be t(0). Let k(r) = -r**3 - 7*r**2 + 8. Calculate k(y).
8
Suppose 5*a - 231 = -16*a. Let y(i) = -i**2 + 9*i + 2. Determine y(a).
-20
Let k = -1 - -2. Let i = -56 + 60. Let l(v) = -8 + 5 + i - 2 - 5*v**2. Determine l(k).
-6
Let v(u) = 2*u**2 + 9*u - 37. Let o be v(-7). Let i(f) = -2*f**3 - 3*f**2 - 2*f. Determine i(o).
8
Let k(g) be the third derivative of g**5/60 - 3*g**4/8 + 7*g**3/3 - 75*g**2 - 2. Calculate k(5).
-6
Let u be -1 + 7 + 4 + -10. Let t(r) be the first derivative of 1/4*r**4 + r**2 + 3 - 4/3*r**3 + u*r. Determine t(4).
8
Let y(m) be the third derivative of m**8/6720 + m**7/420 - m**6/720 - m**5/30 - 11*m**4/12 - 25*m**2. Let c(u) be the second derivative of y(u). Give c(-6).
2
Suppose 0 = 7*d + 53 - 11. Let j(z) = 2 + 2*z + z**2 - 2 + 4*z + 3. Calculate j(d).
3
Suppose 2*r - 6 + 0 = 0. Let h = r - 0. Let d(o) = o**2 - o - 1. Let t(m) = -8*m**2 + 7*m + 6. Let p(z) = 6*d(z) + t(z). Determine p(h).
-15
Let v = -103 + 107. Let q(k) = k**3 - 3*k**2 + 3*k - 6. Give q(v).
22
Let v(z) = -48*z - 1. Let r = -639 + 638. What is v(r)?
47
Suppose 3*b + 4*h = -8, -2*b + 2*h - 12 = -2*h. Let p(c) = c**2 + 4*c - 2. Determine p(b).
-2
Let a = -13 + 19. Suppose a*h - 25 - 11 = 0. Suppose 11*g = 14*g + h. Let q(o) = o**3 + o**2 + o + 2. Determine q(g).
-4
Let s(j) = -j - 17. Suppose -29*c + 117 = -42*c. Give s(c).
-8
Let i(b) = -3*b + 3*b**2 + 0 + 25*b**3 + 19*b**3 + 5*b - 6 - 45*b**3. Suppose x + 2*n + 0*n = 10, 23 = 5*x + n. Determine i(x).
-14
Let i(v) = -6*v + 1. Let r be i(-1). Let c(y) = -3*y**2 + 24*y + 18. Let u(l) = l**2 - 8*l - 6. Let s(q) = 2*c(q) + 7*u(q). Calculate s(r).
-13
Suppose z + 2*v + v = 16, 8 = -z + 3*v. Suppose -4*s - o + 5 = 2, 3*o - 1 = -z*s. Let r(q) be the second derivative of q**3/6 - q. What is r(s)?
1
Let b(k) = -3 - 5 + 5*k**2 - 4*k**2 - 5*k + 7. What is b(3)?
-7
Let y(m) = 10*m**3 - 2*m**2 + 1. Let f be 2/2*(-3 - -2). Calculate y(f).
-11
Suppose 4*x - 2*m + 3*m = 6, -3*x - 7 = -5*m. Let c = x + 2. Suppose 3*a + 15 = c. Let u(q) = q**3 + 3*q**2 - 5*q - 3. Determine u(a).
1
Let a(r) = 29*r + 518. Let u be a(-18). Let o(t) = 3*t**2 + 4*t. Calculate o(u).
32
Let p(l) = -3*l**2 + 62*l - 38. Let r be p(20). Let v(j) = 5*j + 6. What is v(r)?
16
Let d(v) = -v**3 - 8*v**2 + 7. Let u(l) = -3*l**2 - 38*l + 57. Let p(x) = 5*x**2 + 57*x - 86. Let b(q) = -5*p(q) - 8*u(q). Let g be b(18). Calculate d(g).
7
Let i(a) = -19 - a + 49 - 8 - 18. Give i(5).
-1
Let k(f) = -7*f**2 - 21*f + 18. Let c(x) = -2*x**2 - 2*x + 1. Let n(q) = 3*c(q) - k(q). Give n(-16).
1
Suppose -83 = 10*v + 67. Let x(h) = -h**2 - 16*h - 19. Determine x(v).
-4
Suppose 0 = -2*f + 3*b - 4, 4*f - 2*b - 2*b = -4. Let h(j) be the first derivative of 9*j**4/4 - j**3/3 + j**2 - j + 103. What is h(f)?
9
Let z(d) = -d + 2. Suppose 0*k + 4 = -2*k - 2*c, k - 5*c - 22 = 0. Suppose -2*p + 2 = k*o, -5*o - 4*p - 2 = -3. What is z(o)?
5
Suppose 3*y = 4 + 23. Let x(q) = -q - y + 5*q - 3*q + 5. Determine x(-5).
-9
Let w(u) be the first derivative of -3*u**2/2 + 7*u + 50. Let r = 13 - 22. Let v = r + 15. What is w(v)?
-11
Let z(m) be the second derivative of 3*m + 1/2*m**3 - 4*m**2 + 0. Let h(s) = s + 15. Let x be h(-9). Calculate z(x).
10
Let c = 1 + -2. Let v = -32 + 33. Let s(o) = 3*o**2 - 5*o**2 + o**2 - v - 3*o**2. What is s(c)?
-5
Let k(r) = -4*r - r - 6*r. Let h(m) = 3*m**3 + 7*m**2 + 8*m - 4. Let j be h(-4). Let d = j + 115. What is k(d)?
11
Let x(q) = q**2 + 4*q + 5. Let p = -5 + 8. Let o be 4 - (11 - p)/4. Suppose 0 = -4*y, 2*z + o*y - 3 = -11. What is x(z)?
5
Let d(r) = -r**3 - 9*r**2 - 2*r - 19. Suppose 21 = -4*s - 5*w, -13 = -4*s + 5*w - 64. Calculate d(s).
-1
Suppose 0 = -5*n + 3*m - 8, 4*n - 3*m + 5 = -2*m. Let h(l) = 5*l**3 - l. Let y = -6 - -8. Let t(f) = 11*f**3 - 2*f. Let b(v) = y*t(v) - 5*h(v). Calculate b(n).
2
Let v(j) = j**2 + 3*j + 5. Let a = -38 + -69. Let z = -112 - a. Give v(z).
15
Let o(z) = -z - 3. Suppose -16*f + 0*f = 64. What is o(f)?
1
Suppose 3*l + 2 = 5*p - 9, p - 19 = -5*l. Let a(d) = -1 - 7*d + 3 + l*d. Let v(w) = -w. Let b be v(-2). Calculate a(b).
-6
Let o(f) = 47*f + f**2 + 1 - 46*f - f**3 - 2*f**2. Suppose -5*b + 9*d = 4*d - 20, 0 = -3*d - 12. Determine o(b).
1
Let u(z) = -5*z - 1. Suppose 0 = 2*j - 4*j + 30. Let q = j + -15. Suppose s + 10 = 5*s - 3*d, q = -s - d - 1. Calculate u(s).
-6
Let v(b) = -3*b**2 - 4*b - 1. Let f(j) = -4*j**2 - 5*j. Let u(x) = -2*f(x) + 3*v(x). Suppose 15 = 3*l, 0 = 8*t - 3*t + 2*l. Give u(t).
-3
Let u(l) = -l + 5. Let d(o) = -o**3 + 10*o**2 - 8*o - 6. Let x be d(9). Suppose -c = x, -2*g + 2*c - 44 + 6 = 0. Let w = g + 22. Determine u(w).
5
Suppose -4*o = 4*s - 28, 3 = 4*o - 41*s + 40*s. Let a(i) = -i**3 + 4*i**2 - 5*i + 6. Calculate a(o).
4
Suppose -46 = 5*h + 4*g, h = -h + 3*g. Let o be (4/(-10))/(h/90). Let f(x) = o*x + 3 - 9*x**2 - 3*x**2 + 13*x**2. Give f(-6).
3
Suppose -14*a - 3*a + 5*a = 0. Let k(b) = b**3 + b + 16. Calculate k(a).
16
Let u be 0/(4 - 1 - 4). Let f(j) = -1 + 678*j + 2 - 677*j - 13. Calculate f(u).
-12
Let m(f) be the second derivative of f**4/12 - f**2 - f. Let b(i) = 9*i + 97. Let k be b(-11). What is m(k)?
2
Let y(d) = -d**2 - 2*d + 2. Let a be y(-2). Let x(u) = 7*u - u - 7*u + 2*u + 4 + u**a. What is x(0)?
4
Let g be 1 + 40/(-12) + (-2)/(-6). Suppose 12 = 5*k - 13. Let h(u) = -3*u**2 - k*u + 5 + u + 2*u - 3. Give h(g).
-6
Suppose 0 = r - 2*m + 2, -2*m = 5*r - 0 - 2. Suppose 5*s - 5 + r = 0. Let c(j) = -1. Let x(k) = 6*k**2 + 5. Let b(d) = -4*c(d) - x(d). Give b(s).
-7
Suppose -l = 2*t + 5, -5 + 13 = -2*t. Let m(w) = 3*w**2 + 5 - 7*w**l + 5*w + 6*w**3 - w. Give m(4).
5
Let b(l) be the first derivative of -1/3*l**3 - 5*l**2 - 33 - 6*l. What is b(-9)?
3
Let a(q) = 2*q - 7. Let k be a(9). Let w(g) = g**3 - 11*g**2 + 2*g - 26. Give w(k).
-4
Suppose -4*o = -3*o. Let v(u) be the third derivative of u**5/60 - u**4/24 - 2*u**3/3 + 64*u**2. What is v(o)?
-4
Let f(k) = -8*k. Let a = 1